prime factors of 174513159?
3, 19390351
List the prime factors of 66593231.
4621, 14411
What are the prime factors of 4917308252?
2, 1229327063
List the prime factors of 1676919883.
37, 1319, 34361
What are the prime factors of 39922784?
2, 11, 113417
What are the prime factors of 93647142?
2, 3, 5202619
What are the prime factors of 21857517?
3, 11, 220783
List the prime factors of 98869500.
2, 3, 5, 127, 173
What are the prime factors of 327047543?
327047543
What are the prime factors of 1556459642?
2, 778229821
What are the prime factors of 2927123222?
2, 59, 151, 164279
List the prime factors of 3797875.
5, 23, 1321
What are the prime factors of 32485770?
2, 3, 5, 360953
What are the prime factors of 9376796?
2, 11, 13, 97
What are the prime factors of 165023935?
5, 541, 61007
What are the prime factors of 510890693?
12899, 39607
What are the prime factors of 95416998?
2, 3, 2237, 7109
List the prime factors of 87412239.
3, 131, 151, 491
What are the prime factors of 81377987?
81377987
List the prime factors of 6283439.
23, 273193
List the prime factors of 149614887.
3, 73, 83, 8231
What are the prime factors of 730281651?
3, 11, 137, 161531
List the prime factors of 198881848.
2, 11, 211, 10711
What are the prime factors of 50437779?
3, 7, 337, 7127
List the prime factors of 20369473.
977, 20849
What are the prime factors of 1151628877?
7, 193, 852427
List the prime factors of 233869735.
5, 11, 31, 73, 1879
List the prime factors of 240930741.
3, 80310247
List the prime factors of 4830823044.
2, 3, 44729843
What are the prime factors of 95181045?
3, 5, 17, 29, 61, 211
What are the prime factors of 10234954?
2, 23, 222499
List the prime factors of 195982790.
2, 5, 1031, 19009
List the prime factors of 2351773.
23, 102251
List the prime factors of 4520828729.
433, 769, 13577
What are the prime factors of 1062173828?
2, 179, 1123, 1321
List the prime factors of 1144484825.
5, 11, 4161763
List the prime factors of 27615335.
5, 11, 487, 1031
What are the prime factors of 118051590?
2, 3, 5, 821, 4793
What are the prime factors of 7129778633?
19, 375251507
What are the prime factors of 833906556?
2, 3, 7, 307, 3593
List the prime factors of 13331335.
5, 2666267
List the prime factors of 1430153024.
2, 331, 67511
What are the prime factors of 4536530986?
2, 13, 227, 768643
What are the prime factors of 182835371?
773, 236527
What are the prime factors of 168680393?
7, 31, 293, 379
List the prime factors of 30864422.
2, 15432211
List the prime factors of 66473234.
2, 33236617
List the prime factors of 6304206.
2, 3, 139, 7559
What are the prime factors of 34879841?
34879841
List the prime factors of 49644781.
29, 1711889
What are the prime factors of 529168886?
2, 19, 103, 353, 383
What are the prime factors of 35477837?
35477837
What are the prime factors of 254347417?
1327, 191671
What are the prime factors of 11824354?
2, 47, 125791
List the prime factors of 823503390.
2, 3, 5, 251, 109363
List the prime factors of 3395585345.
5, 359, 523, 3617
List the prime factors of 97269468.
2, 3, 8105789
List the prime factors of 152536887.
3, 16948543
What are the prime factors of 4042696967?
109, 37088963
What are the prime factors of 304120251?
3, 19, 197609
What are the prime factors of 5607076690?
2, 5, 61, 647, 14207
List the prime factors of 429229926.
2, 3, 73, 326659
List the prime factors of 89094768.
2, 3, 7, 265163
What are the prime factors of 114763009?
283, 599, 677
What are the prime factors of 102995813?
41, 2512093
What are the prime factors of 2511183190?
2, 5, 251118319
List the prime factors of 92494803.
3, 281, 109721
List the prime factors of 385108031.
7, 11, 454673
List the prime factors of 913780386.
2, 3, 23, 735733
What are the prime factors of 67112405?
5, 13422481
What are the prime factors of 36234321?
3, 47, 256981
List the prime factors of 181241970.
2, 3, 5, 7, 13, 197, 337
What are the prime factors of 66669250?
2, 5, 266677
List the prime factors of 23499226.
2, 11749613
List the prime factors of 44881664.
2, 199, 881
List the prime factors of 1696606574.
2, 13, 257, 253907
What are the prime factors of 381660706?
2, 7, 29, 134293
List the prime factors of 140915983.
13, 10839691
List the prime factors of 75336222.
2, 3, 13, 109, 8861
What are the prime factors of 403112204?
2, 11, 9161641
List the prime factors of 185523004.
2, 4783, 9697
List the prime factors of 486333842.
2, 19, 12798259
What are the prime factors of 2086169240?
2, 5, 52154231
What are the prime factors of 4130952?
2, 3, 7, 67, 367
List the prime factors of 791257905.
3, 5, 17583509
List the prime factors of 283702145.
5, 56740429
List the prime factors of 354024588.
2, 3, 31, 109, 8731
List the prime factors of 74527893.
3, 11, 68437
List the prime factors of 740240570.
2, 5, 19, 3896003
What are the prime factors of 356487122?
2, 178243561
What are the prime factors of 2994317266?
2, 47, 577, 55207
What are the prime factors of 512101593?
3, 56900177
What are the prime factors of 2373194042?
2, 1186597021
What are the prime factors of 14535143?
7, 2076449
List the prime factors of 3346916598.
2, 3, 127, 162677
What are the prime factors of 8545709?
109, 78401
What are the prime factors of 359579101?
7, 599, 12251
List the prime factors of 192490890.
2, 3, 5, 6416363
List the prime factors of 33421314.
2, 3, 41, 135859
List the prime factors of 206612897.
19, 10874363
What are the prime factors of 5401235?
5, 7, 154321
What are the prime factors of 2244845157?
3, 53, 59, 239297
What are the prime factors of 18344022?
2, 3, 191, 16007
What are the prime factors of 343852652?
2, 11, 13, 19, 29, 1091
List the prime factors of 3200244419.
3200244419
List the prime factors of 479105585.
5, 7, 1955533
List the prime factors of 269766230.
2, 5, 26976623
List the prime factors of 2074653907.
11393, 182099
What are the prime factors of 3943791860?
2, 5, 197189593
What are the prime factors of 210413411?
13, 59, 274333
What are the prime factors of 12694031?
7, 109, 127, 131
List the prime factors of 532713570.
2, 3, 5, 17757119
List the prime factors of 57125103.
3, 7, 2720243
What are the prime factors of 402308896?
2, 11, 1142923
List the prime factors of 35951514.
2, 3, 1619, 3701
List the prime factors of 6703617707.
163, 41126489
List the prime factors of 57607572.
2, 3, 11, 29, 101, 149
List the prime factors of 2342676.
2, 3, 7, 167
What are the prime factors of 821255836?
2, 257, 798887
What are the prime factors of 56689060?
2, 5, 41, 257, 269
List the prime factors of 55224004.
2, 11, 29, 113, 383
What are the prime factors of 269001513?
3, 11, 82339
What are the prime factors of 5101859543?
11, 463805413
List the prime factors of 1292632426.
2, 827, 781519
What are the prime factors of 2676327184?
2, 167270449
List the prime factors of 50464660.
2, 5, 307, 8219
What are the prime factors of 15414717?
3, 79, 193, 337
List the prime factors of 1259558024.
2, 31, 5078863
What are the prime factors of 40292598?
2, 3, 541, 12413
List the prime factors of 430897437.
3, 2801, 17093
List the prime factors of 182586660.
2, 3, 5, 3043111
List the prime factors of 97750020.
2, 3, 5, 53, 59, 521
List the prime factors of 2850668912.
2, 7, 13, 29, 181, 373
List the prime factors of 61540977.
3, 20513659
What are the prime factors of 30383914?
2, 11, 73, 18919
What are the prime factors of 2654723459?
227, 2473, 4729
What are the prime factors of 21121567?
23, 918329
What are the prime factors of 3070993476?
2, 3, 101, 157, 16139
What are the prime factors of 7521681?
3, 2507227
List the prime factors of 177601419.
3, 761, 25931
List the prime factors of 944865117.
3, 7, 17, 19, 59, 787
List the prime factors of 3402010254.
2, 3, 567001709
What are the prime factors of 3342193491?
3, 7, 13, 97, 126211
What are the prime factors of 190048340?
2, 5, 617, 15401
What are the prime factors of 2904688857?
3, 7, 173, 799529
What are the prime factors of 738325690?
2, 5, 73832569
What are the prime factors of 77525633?
67, 1157099
List the prime factors of 1696038913.
79, 89, 463, 521
What are the prime factors of 3829100471?
7, 547014353
List the prime factors of 2859769458.
2, 3, 7, 13, 19, 13127
List the prime factors of 70051953.
3, 23350651
List the prime f